8680. Calculate q(2).
-22
Let k(n) = 10712*n - 32140. What is k(3)?
-4
Let r(v) = 3*v**2 - 153*v + 1324. Determine r(52).
1480
Let m(w) = 37471*w + 7756545. Give m(-207).
48
Let d(h) = h**3 + 183*h**2 + 5195*h + 2130. What is d(-148)?
-90
Let s(z) = -42*z**2 + 914*z - 137. Calculate s(22).
-357
Let k(p) = 11*p**3 - 136*p**2 + 41*p - 19. Calculate k(12).
-103
Let g(a) = -4296*a - 17229. Give g(-4).
-45
Let a(x) = x**3 + 193*x**2 + 9248*x - 827. Calculate a(-104).
5
Let o(v) = -10*v - 1607. What is o(-167)?
63
Let v(w) = 627*w - 18028. Determine v(29).
155
Let a(o) = -38*o**2 - 4052*o - 70760. Calculate a(-22).
-8
Let t(a) = -67*a**3 - 6229*a**2 + 182*a - 469. What is t(-93)?
-97
Let r(w) = -21062*w + 758222. What is r(36)?
-10
Let h(q) = q**2 + 1064*q - 12920. What is h(12)?
-8
Let a(o) = -2*o**2 + 470*o + 67821. Calculate a(336).
-51
Let t(o) = 3*o**2 - 88*o + 418. Calculate t(6).
-2
Let r(b) = -27109*b + 731944. Give r(27).
1
Let o(h) = -h**3 - 311*h**2 - 14091*h - 2820. Give o(-256).
-4
Let g(f) = -81810*f + 19961638. What is g(244)?
-2
Let t(i) = 2*i**3 - 41*i**2 + 237*i - 2098. What is t(13)?
-1552
Let l(k) = 203937*k - 407868. Calculate l(2).
6
Let t(g) = -3*g**3 - 724*g**2 + 489*g + 1203. Give t(-242).
-7
Let l(a) = -996*a + 71965. Calculate l(69).
3241
Let a(l) = -l**3 - 58*l**2 - 832*l + 19. What is a(-26)?
19
Let z(i) = -3*i**3 - 17*i**2 - 50*i - 127. What is z(-6)?
209
Let a(u) = u**3 - 53*u**2 - 537*u - 1327. Calculate a(62).
-25
Let i(c) = 15993*c - 351841. What is i(22)?
5
Let f(p) = 29099*p - 29719. Determine f(1).
-620
Let z(b) = b**3 + 97*b**2 + 499*b - 4279. Determine z(-91).
-2
Let o(x) = -2*x**3 - 60*x**2 - 183*x + 129. Give o(-21).
-3966
Let s(g) = -52*g**2 + 12136*g + 7489. What is s(234)?
1
Let h(b) = 496727*b + 2483633. Give h(-5).
-2
Let g(z) = 2*z**3 - 78*z**2 - 386*z + 61. Determine g(-5).
-209
Let c(u) = 7*u**2 + 263*u - 1615. Give c(-44).
365
Let t(j) = 3*j**3 - 377*j**2 - 32*j - 11848. Calculate t(126).
-4
Let y(s) = 18*s**2 - 36680*s - 110205. What is y(-3)?
-3
Let y(l) = -1004*l - 871. Determine y(-1).
133
Let y(d) = d**3 - 31886*d**2 - 191325*d + 165. Calculate y(-6).
3
Let o(q) = -5*q**3 + 366*q**2 + 96*q + 14717. Calculate o(74).
-83
Let u(x) = -11*x**2 + 144*x - 1783. What is u(13)?
-1770
Let b(a) = 333*a**2 - 3150*a - 1791. Determine b(10).
9
Let a(j) = -27*j**2 - 8296*j - 18605. Give a(-305).
0
Let d(i) = -2*i**3 - 1024*i**2 + 1056*i + 15387. What is d(-513)?
-3
Let i(r) = -18126*r - 11383136. What is i(-628)?
-8
Let j(x) = -17*x**3 - 2*x**2 - 63*x - 211. What is j(-3)?
419
Let b(m) = -1566*m + 45431. Calculate b(29).
17
Let l(t) = 5*t**3 + 165*t**2 + 79*t + 243. What is l(-32)?
2835
Let a(d) = -162*d + 6726. What is a(36)?
894
Let w(h) = 1084*h - 52048. What is w(48)?
-16
Let d(l) = -423*l + 954. What is d(6)?
-1584
Let w(j) = 5*j**2 - 527*j + 6925. Determine w(90).
-5
Let m(v) = 9*v**2 + 2722*v - 18937. Determine m(7).
558
Let r(d) = -d**3 - 3*d**2 - 12451*d - 112538. Determine r(-9).
7
Let w(q) = -23*q**3 - 244*q**2 - 64*q - 508. What is w(-10)?
-1268
Let m(g) = 2767*g + 2723. Give m(-1).
-44
Let t(w) = -6*w**2 - 2144*w - 10569. Determine t(-5).
1
Let l(j) = 1803*j - 319122. Calculate l(177).
9
Let k(v) = 40*v**3 - 1356*v**2 - 2029*v + 64362. Calculate k(34).
0
Let q(k) = -2130*k - 687938. What is q(-323)?
52
Let z(p) = -6*p**3 + 131*p**2 - 619*p + 36. Give z(7).
64
Let n(d) = 5047*d + 4937. Give n(-1).
-110
Let s(y) = -y**3 + 444*y**2 - 380*y + 168714. Calculate s(444).
-6
Let d(r) = -13*r**2 + 377*r + 779. Calculate d(31).
-27
Let x(h) = h**2 + 244257*h - 1954117. Calculate x(8).
3
Let i(h) = -553*h + 7261. Determine i(14).
-481
Let b(p) = 37712*p - 528052. Determine b(14).
-84
Let d(w) = -509*w**2 - 7652*w + 29. Give d(-15).
284
Let z(n) = n**2 - 390*n - 10868. Determine z(-26).
-52
Let v(d) = d**3 + 294*d**2 - 1191*d + 296. Calculate v(-298).
-2
Let o(x) = 26*x**2 - 2936*x - 73437. Determine o(134).
-5
Let q(n) = 45*n - 6973. Calculate q(138).
-763
Let u(s) = 20800*s - 187187. Give u(9).
13
Let n(t) = -191653*t - 71294922. Determine n(-372).
-6
Let y(t) = -2*t**3 + 48*t**2 - 46*t + 213. Give y(24).
-891
Let h(a) = -385*a + 1782. Calculate h(6).
-528
Let x(v) = 9938*v**2 - 128*v - 7. Calculate x(0).
-7
Let m(d) = 8*d**2 - 5909*d - 76843. Calculate m(-13).
1326
Let i(t) = -18*t**2 - 15173*t - 14315. What is i(-842)?
-1
Let b(m) = -7*m**2 - 386*m + 275. What is b(-56)?
-61
Let o(f) = -f**3 + 148*f**2 - 5365*f - 715. What is o(64)?
-11
Let f(s) = 119*s**2 + 4044*s - 69. Determine f(-34).
-1
Let l(s) = 144*s + 8040. Calculate l(-53).
408
Let v(m) = 3*m + 52. What is v(-42)?
-74
Let a(f) = 853*f + 588638. Determine a(-690).
68
Let u(y) = -y**2 + 879*y - 5223. Give u(6).
15
Let i(s) = 923*s**2 + 11103*s + 198. Determine i(-12).
-126
Let f(h) = -7200*h + 813657. Give f(113).
57
Let f(x) = 40*x**2 - 2774*x + 970. Give f(69).
4
Let a(d) = -d**3 - 57*d**2 - 460*d - 34327. Calculate a(-59).
-225
Let v(j) = -2*j**3 - 83*j**2 + 107*j + 11796. Determine v(-39).
18
Let o(m) = m**3 + 24*m**2 - 714*m - 18444. What is o(-26)?
-1232
Let h(q) = q**2 - 848*q + 47908. What is h(61)?
-99
Let x(m) = 1255*m - 1132. Calculate x(1).
123
Let b(f) = 3*f**2 + 1523*f - 9216. Determine b(6).
30
Let r(t) = 85*t - 15955. What is r(183)?
-400
Let n(x) = -x**3 - 11*x**2 + x + 842. Calculate n(7).
-33
Let h(l) = -2*l**2 + 10141*l + 460378. What is h(-45)?
-17
Let z(h) = 26*h**2 + 468*h + 2063. Calculate z(-8).
-17
Let h(c) = -c**3 + 154*c**2 + 5739*c - 684. Calculate h(185).
56
Let x(b) = -2*b**2 + 288*b + 2646. Determine x(155).
-764
Let d(t) = -13588*t - 1698517. Give d(-125).
-17
Let s(c) = 4*c**3 - 19*c**2 - 838*c + 4839. Give s(6).
-9
Let m(o) = -2*o**3 - 478*o**2 + 2537*o + 23653. Give m(-244).
-15
Let h(x) = -438962*x - 11413020. Calculate h(-26).
-8
Let h(s) = -7*s**2 + 2027*s - 116046. Determine h(211).
4
Let z(x) = 2*x**3 - 47*x**2 + 157*x + 1431. Determine z(12).
3
Let o(g) = -g**2 + 136*g - 5016. Determine o(87).
-753
Let g(o) = -86060*o - 86051. Give g(-1).
9
Let b(t) = -t**3 - 31*t**2 + 156*t - 820. Calculate b(-36).
44
Let q(b) = 3481*b + 15400. Give q(-4).
1476
Let r(u) = -10*u**2 + 76*u - 52. Calculate r(2).
60
Let n(d) = d**3 - 11*d**2 + 133*d - 3925. Determine n(17).
70
Let i(l) = 3937*l - 204721. Give i(52).
3
Let l(n) = -2*n**2 + 171*n + 2164. Give l(-12).
-176
Let d(c) = -466*c - 2896. What is d(-5)?
-566
Let j(x) = 5*x**2 + 617*x + 1477. Calculate j(-121).
25
Let g(a) = 12664*a + 63400. Determine g(-5).
80
Let d(u) = -528*u - 131907. Give d(-250).
93
Let w(z) = -3978*z**2 - 15771*z - 43. Give w(-4).
-607
Let x(b) = 14015*b - 98320. Determine x(7).
-215
Let o(h) = 134*h + 11089. Determine o(-83).
-33
Let b(g) = 8160*g + 269236. Determine b(-33).
-44
Let a(u) = 1450*u + 13070. Give a(-9).
20
Let h(m) = 6*m**2 + 305*m - 2115. Calculate h(-55).
-740
Let y(n) = -2*n**3 + 21*n**2 + 58*n - 114. Give y(13).
-205
Let a(f) = -121*f + 18744. Calculate a(127).
3377
Let o(a) = -2*a**3 - 26*a**2 + 49*a - 1483. Calculate o(-17).
-4
Let l(x) = 4098*x + 1221190. Calculate l(-298).
-14
Let f(r) = -132*r**2 + 907*r - 1238. Calculate f(5).
-3
Let v(s) = s**3 + 13*s**2 - 453*s + 621. Give v(12).
-1215
Let w(g) = -g**3 - 41*g**2 - 323*g - 129. Determine w(-10).
1
Let c(r) = 155*r**2 + 85555*r - 2762. Determine c(-552).
-2
Let t(g) = 33*g**3 - 165*g**2 + 8*g - 72. Determine t(5).
-32
Let b(a) = -a**3 - 26*a**2 + 10*a + 606. Determine b(-26).
346
Let z(k) = -8708*k**2 + 8782*k - 64. Give z(1).
10
Let v(o) = 33420*o + 3241737. Determine v(-97).
-3
Let w(h) = 4*h**2 - 286*h + 3341. What is w(12)?
485
Let g(b) = 1019*b - 2231. Determine g(2).
-193
Let y(z) = -572*z - 13893. Calculate y(-25).
407
Let o(q) = -5*q**2 - 145*q - 617. Calculate o(-6).
73
Let m(t) = 4*t**2 + 90*t - 8951. Give m(-60).
49
Let p(t) = 151*t + 40995. What is p(-288)?
-2493
Let l(x) = -3127*x + 87320. Give l(28).
-236
Let c(f) = -311876*f + 311872. What is c(1)?
-4
Let c(s) = -s**3 + 53*s**2 - 337*s + 633. Determine c(46).
-57
Let x(l) = -47804*l - 239016. Determine x(-5).
4
Let y(j) = 2*j**3 - 12*j**2 + 312*j - 1873. What is y(6)?
-1
Let b(s) = 4*s**3 - 4*s**2 - 6002*s - 5998. What is b(-1)?
-4
Let n(p) = -3*p**3 + 25*p**2 + 336*p - 70. What is n(-11)?
3252
Let f(s